{"id":320,"date":"2018-05-25T12:18:30","date_gmt":"2018-05-25T10:18:30","guid":{"rendered":"http:\/\/naturkosmetik-waldfee.de\/wordpress\/?page_id=320"},"modified":"2020-04-02T17:02:03","modified_gmt":"2020-04-02T15:02:03","slug":"die-waldfee-pflegeserie","status":"publish","type":"page","link":"https:\/\/naturkosmetik-waldfee.de\/wordpress\/die-waldfee-pflegeserie\/","title":{"rendered":"Die Waldfee-Pflegeserie"},"content":{"rendered":"<p>Es ist nicht nur die Verantwortung zu Mensch und Natur, die mich dazu veranlasste eine eigene Pflegeserie zu entwerfen. Seit \u00fcber 20 Jahren r\u00fchre ich nun schon Cremes selbst an. Diese Faszination, welche im R\u00fchren selbst liegt und das gute Gef\u00fchl auf der Haut m\u00f6chte ich an Sie weitergeben. Mir ist es wichtig, so wenig wie m\u00f6gliche Zutaten zu vermengen und auf altbew\u00e4hrte Rohstoffe zur\u00fcckzugreifen. Und es kommen nur Bio-Rohstoffe zum Einsatz. Die Pflegeprodukte sind frei von Paraffinen, Parabenen, Silikonen, synthetischen Duft- und Farbstoffen sowie Mikroplastiken.<\/p>\n<p>In meiner R\u00fchrk\u00fcche werden die Produkte unter hoher Sorgfalt und den Kosmetik-GMP-Regeln (GMP-Good Manufactoring Practice) hergestellt. F\u00fcr die Pflegeserie gibt es kein Lager, sondern ich produziere in kleinen Mengen und zwar meist erst auf Bestellung. So stelle ich sicher, dass die Creme frisch zur Anwendung kommt.<\/p>\n<p>Zu beziehen sind die Pflegeprodukte per Online-Shop:<\/p>\n<p><a href=\"http:\/\/shop.naturkosmetik-waldfee.de\">shop.naturkosmetik-waldfee.de<\/a><\/p>\n","protected":false},"excerpt":{"rendered":"<p class=\"post-excerpt\">Es ist nicht nur die Verantwortung zu Mensch und Natur, die mich&hellip;<\/p>\n<div class=\"link-more\"><a href=\"https:\/\/naturkosmetik-waldfee.de\/wordpress\/die-waldfee-pflegeserie\/\">Continue reading<span class=\"screen-reader-text\"> \"Die Waldfee-Pflegeserie\"<\/span>&hellip;<\/a><\/div>","protected":false},"author":1,"featured_media":327,"parent":0,"menu_order":0,"comment_status":"closed","ping_status":"closed","template":"","meta":{"_price":"","_stock":"","_tribe_ticket_header":"","_tribe_default_ticket_provider":"","_ticket_start_date":"","_ticket_end_date":"","_tribe_ticket_show_description":"","_tribe_ticket_show_not_going":false,"_tribe_ticket_use_global_stock":"","_tribe_ticket_global_stock_level":"","_global_stock_mode":"","_global_stock_cap":"","_tribe_rsvp_for_event":"","_tribe_ticket_going_count":"","_tribe_ticket_not_going_count":"","_tribe_tickets_list":"[]","_tribe_ticket_has_attendee_info_fields":false,"footnotes":"","_tec_slr_enabled":"","_tec_slr_layout":""},"class_list":["post-320","page","type-page","status-publish","has-post-thumbnail","hentry"],"ticketed":false,"_links":{"self":[{"href":"https:\/\/naturkosmetik-waldfee.de\/wordpress\/wp-json\/wp\/v2\/pages\/320","targetHints":{"allow":["GET"]}}],"collection":[{"href":"https:\/\/naturkosmetik-waldfee.de\/wordpress\/wp-json\/wp\/v2\/pages"}],"about":[{"href":"https:\/\/naturkosmetik-waldfee.de\/wordpress\/wp-json\/wp\/v2\/types\/page"}],"author":[{"embeddable":true,"href":"https:\/\/naturkosmetik-waldfee.de\/wordpress\/wp-json\/wp\/v2\/users\/1"}],"replies":[{"embeddable":true,"href":"https:\/\/naturkosmetik-waldfee.de\/wordpress\/wp-json\/wp\/v2\/comments?post=320"}],"version-history":[{"count":8,"href":"https:\/\/naturkosmetik-waldfee.de\/wordpress\/wp-json\/wp\/v2\/pages\/320\/revisions"}],"predecessor-version":[{"id":466,"href":"https:\/\/naturkosmetik-waldfee.de\/wordpress\/wp-json\/wp\/v2\/pages\/320\/revisions\/466"}],"wp:featuredmedia":[{"embeddable":true,"href":"https:\/\/naturkosmetik-waldfee.de\/wordpress\/wp-json\/wp\/v2\/media\/327"}],"wp:attachment":[{"href":"https:\/\/naturkosmetik-waldfee.de\/wordpress\/wp-json\/wp\/v2\/media?parent=320"}],"curies":[{"name":"wp","href":"https:\/\/api.w.org\/{rel}","templated":true}]}}