{"id":236,"date":"2016-06-23T10:00:25","date_gmt":"2016-06-23T08:00:25","guid":{"rendered":"http:\/\/naturkosmetik-waldfee.de\/wordpress\/?page_id=236"},"modified":"2019-12-30T17:53:11","modified_gmt":"2019-12-30T16:53:11","slug":"beauty-event","status":"publish","type":"page","link":"https:\/\/naturkosmetik-waldfee.de\/wordpress\/beauty-event\/","title":{"rendered":"Beauty Event mit Freundinnen und pflegenden DIY-Produkten"},"content":{"rendered":"<p>\u00dcberrascht eure Liebsten mit einem Beauty Event: lasst liebevoll selbstgemachte Pflegeprodukte f\u00fcr die nat\u00fcrliche Hautpflege entstehen!<\/p>\n<p><strong>Ob Geburtstagsfeier, \u00dcberraschungsparty, Junggesellinnenabschied oder (Weihnachts-)Gutschein f\u00fcr und mit Freundinnen oder Familie &#8211; von eurem Beauty Event habt ihr lange eine Erinnerung und tolle Pflegeprodukte.<\/strong><\/p>\n<p>Folgende Kombinationen k\u00f6nnt ihr f\u00fcr euer Event w\u00e4hlen. Die Pflegeprodukte stellt ihr unter meiner Anleitung selbst her:<br \/>\n(1) Creme und Lippenbalsam<br \/>\n(2) Hydrogel und Haut\u00f6l<br \/>\n(3) K\u00f6rperpeeling und\u00a0K\u00f6rperbutter \/ Badepralinen<\/p>\n<p>Welche ist deine Lieblingskombination?<\/p>\n<p>Diese einzelnen M\u00f6glichkeiten kosten bei vier Teilnehmerinnen in meiner R\u00fchrk\u00fcche 100 Euro. Pro weiterer Teilnehmerin erh\u00f6ht sich der Preis um 15 Euro. Das Event dauert circa zwei Stunden. Ich serviere euch Tee und kleine Snacks sowie eine extra Portion Wissen \u00fcber die Rohstoffe.<\/p>\n<p>Ihr habt weitere Ideen oder Fragen &#8211; ich freue mich auf eine <a href=\"mailto: info@naturkosmetik-waldfee.de\" target=\"_blank\" rel=\"noopener\">Email (info@naturkosmetik-waldfee.de)<\/a> oder ein Telefongespr\u00e4ch unter der Nummer 0152-019 742 74.<\/p>\n","protected":false},"excerpt":{"rendered":"<p class=\"post-excerpt\">\u00dcberrascht eure Liebsten mit einem Beauty Event: lasst liebevoll selbstgemachte Pflegeprodukte f\u00fcr&hellip;<\/p>\n<div class=\"link-more\"><a href=\"https:\/\/naturkosmetik-waldfee.de\/wordpress\/beauty-event\/\">Continue reading<span class=\"screen-reader-text\"> \"Beauty Event mit Freundinnen und pflegenden DIY-Produkten\"<\/span>&hellip;<\/a><\/div>","protected":false},"author":1,"featured_media":142,"parent":0,"menu_order":0,"comment_status":"closed","ping_status":"closed","template":"","meta":{"_price":"","_stock":"","_tribe_ticket_header":"","_tribe_default_ticket_provider":"","_ticket_start_date":"","_ticket_end_date":"","_tribe_ticket_show_description":"","_tribe_ticket_show_not_going":false,"_tribe_ticket_use_global_stock":"","_tribe_ticket_global_stock_level":"","_global_stock_mode":"","_global_stock_cap":"","_tribe_rsvp_for_event":"","_tribe_ticket_going_count":"","_tribe_ticket_not_going_count":"","_tribe_tickets_list":"[]","_tribe_ticket_has_attendee_info_fields":false,"footnotes":"","_tec_slr_enabled":"","_tec_slr_layout":""},"class_list":["post-236","page","type-page","status-publish","has-post-thumbnail","hentry"],"ticketed":false,"_links":{"self":[{"href":"https:\/\/naturkosmetik-waldfee.de\/wordpress\/wp-json\/wp\/v2\/pages\/236","targetHints":{"allow":["GET"]}}],"collection":[{"href":"https:\/\/naturkosmetik-waldfee.de\/wordpress\/wp-json\/wp\/v2\/pages"}],"about":[{"href":"https:\/\/naturkosmetik-waldfee.de\/wordpress\/wp-json\/wp\/v2\/types\/page"}],"author":[{"embeddable":true,"href":"https:\/\/naturkosmetik-waldfee.de\/wordpress\/wp-json\/wp\/v2\/users\/1"}],"replies":[{"embeddable":true,"href":"https:\/\/naturkosmetik-waldfee.de\/wordpress\/wp-json\/wp\/v2\/comments?post=236"}],"version-history":[{"count":9,"href":"https:\/\/naturkosmetik-waldfee.de\/wordpress\/wp-json\/wp\/v2\/pages\/236\/revisions"}],"predecessor-version":[{"id":417,"href":"https:\/\/naturkosmetik-waldfee.de\/wordpress\/wp-json\/wp\/v2\/pages\/236\/revisions\/417"}],"wp:featuredmedia":[{"embeddable":true,"href":"https:\/\/naturkosmetik-waldfee.de\/wordpress\/wp-json\/wp\/v2\/media\/142"}],"wp:attachment":[{"href":"https:\/\/naturkosmetik-waldfee.de\/wordpress\/wp-json\/wp\/v2\/media?parent=236"}],"curies":[{"name":"wp","href":"https:\/\/api.w.org\/{rel}","templated":true}]}}