{"id":13,"date":"2015-12-22T12:10:36","date_gmt":"2015-12-22T11:10:36","guid":{"rendered":"http:\/\/naturkosmetik-waldfee.de\/wordpress\/?page_id=13"},"modified":"2020-04-03T15:16:29","modified_gmt":"2020-04-03T13:16:29","slug":"raeuchermischungen","status":"publish","type":"page","link":"https:\/\/naturkosmetik-waldfee.de\/wordpress\/raeuchermischungen\/","title":{"rendered":"R\u00e4uchermischungen"},"content":{"rendered":"<h2>R\u00e4uchermischungen<\/h2>\n<p>Die R\u00e4uchermischungen der Waldfee werden vorwiegend aus Pflanzen gefertigt, die entweder in der heimischen Fauna vorkommen oder bei uns im Garten stehen. Wir verlassen uns darauf, was uns die Pflanzengeister zufl\u00fcstern, wenn wir eine Mischung entwerfen. So entstanden folgende sanft duftende Mischungen, die unser Wohlbefinden steigern, die R\u00e4ume aufwerten oder den Hausaltar bereichern.<\/p>\n<p><strong> Indian Summer:<\/strong><br \/>\nmit dieser Mischung holen Sie sich die nordamerikanischen Steppen ins Haus. Diese Mischung enth\u00e4lt Steppenbeifuss (Sagebrush), welche von nordamerikanischen Indianern f\u00fcr Rituale verwendet wird. Diese R\u00e4uchermischung kann gut f\u00fcr Ausr\u00e4ucherungen verwendet werden.<\/p>\n<p><strong> Ostara:<\/strong><br \/>\nWeihrauch und Myrrhe als der Duft der G\u00f6tter wird vom s\u00fc\u00dfen Duft des heiligen Holzes (Palo Santo) emporgetragen. Das neue erwachende Element ist duftig, frohlockend, seelig und leidenschaftlich durch Waldmeister, Maigl\u00f6ckchen, Veilchen und Mariengras vertreten. Himbeerbl\u00e4tter und Salbei helfen uns beim Anbruch in einen neuen Jahresabschnitt.<\/p>\n<p><strong> Weihnacht:<\/strong><br \/>\nEin weihnachtlicher Duft zieht durch den Raum. Traditionell wartet die Weihnachtsmischung mit Weihrauch und Myrrhe auf &#8211; die Gaben der Heiligen Drei K\u00f6nige. Der s\u00fc\u00dfe Duft des Mariengrases und Palo Santo mit den Gew\u00fcrzen Sternanis, Kardamom, Zimt und Macis machen die Mischung zu einem sinnlichen, warmen, w\u00fcrzigen und wohligen Dufterlebnis. Diese Mischung konnten wir leider nicht aus Gartenpflanzen zaubern. Was w\u00e4re allerdings Weihnachten ohne diese himmlischen Gew\u00fcrze?<\/p>\n<p>Die R\u00e4uchermischungen kommen in einem kleinen Gl\u00e4schen einher.<\/p>\n<p><b>Bestellungen gern \u00fcber den Webshop: <a href=\"http:\/\/shop.naturkosmetik-waldfee.de\">shop.naturkosmetik-waldfee.de<\/a><\/b><\/p>\n","protected":false},"excerpt":{"rendered":"<p class=\"post-excerpt\">R\u00e4uchermischungen Die R\u00e4uchermischungen der Waldfee werden vorwiegend aus Pflanzen gefertigt, die entweder&hellip;<\/p>\n<div class=\"link-more\"><a href=\"https:\/\/naturkosmetik-waldfee.de\/wordpress\/raeuchermischungen\/\">Continue reading<span class=\"screen-reader-text\"> \"R\u00e4uchermischungen\"<\/span>&hellip;<\/a><\/div>","protected":false},"author":1,"featured_media":342,"parent":0,"menu_order":5,"comment_status":"closed","ping_status":"closed","template":"","meta":{"_price":"","_stock":"","_tribe_ticket_header":"","_tribe_default_ticket_provider":"","_ticket_start_date":"","_ticket_end_date":"","_tribe_ticket_show_description":"","_tribe_ticket_show_not_going":false,"_tribe_ticket_use_global_stock":"","_tribe_ticket_global_stock_level":"","_global_stock_mode":"","_global_stock_cap":"","_tribe_rsvp_for_event":"","_tribe_ticket_going_count":"","_tribe_ticket_not_going_count":"","_tribe_tickets_list":"[]","_tribe_ticket_has_attendee_info_fields":false,"footnotes":"","_tec_slr_enabled":"","_tec_slr_layout":""},"class_list":["post-13","page","type-page","status-publish","has-post-thumbnail","hentry"],"ticketed":false,"_links":{"self":[{"href":"https:\/\/naturkosmetik-waldfee.de\/wordpress\/wp-json\/wp\/v2\/pages\/13","targetHints":{"allow":["GET"]}}],"collection":[{"href":"https:\/\/naturkosmetik-waldfee.de\/wordpress\/wp-json\/wp\/v2\/pages"}],"about":[{"href":"https:\/\/naturkosmetik-waldfee.de\/wordpress\/wp-json\/wp\/v2\/types\/page"}],"author":[{"embeddable":true,"href":"https:\/\/naturkosmetik-waldfee.de\/wordpress\/wp-json\/wp\/v2\/users\/1"}],"replies":[{"embeddable":true,"href":"https:\/\/naturkosmetik-waldfee.de\/wordpress\/wp-json\/wp\/v2\/comments?post=13"}],"version-history":[{"count":16,"href":"https:\/\/naturkosmetik-waldfee.de\/wordpress\/wp-json\/wp\/v2\/pages\/13\/revisions"}],"predecessor-version":[{"id":470,"href":"https:\/\/naturkosmetik-waldfee.de\/wordpress\/wp-json\/wp\/v2\/pages\/13\/revisions\/470"}],"wp:featuredmedia":[{"embeddable":true,"href":"https:\/\/naturkosmetik-waldfee.de\/wordpress\/wp-json\/wp\/v2\/media\/342"}],"wp:attachment":[{"href":"https:\/\/naturkosmetik-waldfee.de\/wordpress\/wp-json\/wp\/v2\/media?parent=13"}],"curies":[{"name":"wp","href":"https:\/\/api.w.org\/{rel}","templated":true}]}}